{"id":91290,"date":"2025-11-02T16:28:11","date_gmt":"2025-11-02T15:28:11","guid":{"rendered":"https:\/\/kaminholz-vogtland.prime-3d.ch\/?page_id=91290"},"modified":"2025-11-13T14:14:01","modified_gmt":"2025-11-13T13:14:01","slug":"ibc-boxen","status":"publish","type":"page","link":"https:\/\/kaminholz-vogtland.eu\/index.php\/ibc-boxen\/","title":{"rendered":"IBC &#8211; Boxen"},"content":{"rendered":"\n<h5 class=\"wp-block-heading\"><strong>IBC-Boxen \u2013 robust, praktisch und vielseitig einsetzbar<\/strong><\/h5>\n\n\n\n<figure class=\"wp-block-gallery has-nested-images columns-5 is-cropped wp-block-gallery-1 is-layout-flex wp-block-gallery-is-layout-flex\">\n<figure class=\"wp-block-image size-large has-custom-border\"><img loading=\"lazy\" decoding=\"async\" width=\"1000\" height=\"895\" data-id=\"91265\" src=\"https:\/\/kaminholz-vogtland.prime-3d.ch\/wp-content\/uploads\/2025\/11\/Holz-1000x895.png\" alt=\"\" class=\"wp-image-91265\" style=\"border-width:3px;border-radius:25px\" srcset=\"https:\/\/kaminholz-vogtland.eu\/wp-content\/uploads\/2025\/11\/Holz-1000x895.png 1000w, https:\/\/kaminholz-vogtland.eu\/wp-content\/uploads\/2025\/11\/Holz-1200x1074.png 1200w, https:\/\/kaminholz-vogtland.eu\/wp-content\/uploads\/2025\/11\/Holz-768x687.png 768w, https:\/\/kaminholz-vogtland.eu\/wp-content\/uploads\/2025\/11\/Holz-1536x1375.png 1536w, https:\/\/kaminholz-vogtland.eu\/wp-content\/uploads\/2025\/11\/Holz.png 1600w\" sizes=\"auto, (max-width: 1000px) 100vw, 1000px\" \/><\/figure>\n\n\n\n<figure class=\"wp-block-image size-large has-custom-border\"><img loading=\"lazy\" decoding=\"async\" width=\"750\" height=\"1000\" data-id=\"91274\" src=\"https:\/\/kaminholz-vogtland.prime-3d.ch\/wp-content\/uploads\/2025\/11\/0de9bd97-9612-41c8-b107-d8098f15237d-1-750x1000.png\" alt=\"\" class=\"wp-image-91274\" style=\"border-width:3px;border-radius:25px\" srcset=\"https:\/\/kaminholz-vogtland.eu\/wp-content\/uploads\/2025\/11\/0de9bd97-9612-41c8-b107-d8098f15237d-1-750x1000.png 750w, https:\/\/kaminholz-vogtland.eu\/wp-content\/uploads\/2025\/11\/0de9bd97-9612-41c8-b107-d8098f15237d-1-900x1200.png 900w, https:\/\/kaminholz-vogtland.eu\/wp-content\/uploads\/2025\/11\/0de9bd97-9612-41c8-b107-d8098f15237d-1-768x1024.png 768w, https:\/\/kaminholz-vogtland.eu\/wp-content\/uploads\/2025\/11\/0de9bd97-9612-41c8-b107-d8098f15237d-1-1152x1536.png 1152w, https:\/\/kaminholz-vogtland.eu\/wp-content\/uploads\/2025\/11\/0de9bd97-9612-41c8-b107-d8098f15237d-1.png 1200w\" sizes=\"auto, (max-width: 750px) 100vw, 750px\" \/><\/figure>\n\n\n\n<figure class=\"wp-block-image size-large has-custom-border\"><img loading=\"lazy\" decoding=\"async\" width=\"750\" height=\"1000\" data-id=\"91273\" src=\"https:\/\/kaminholz-vogtland.prime-3d.ch\/wp-content\/uploads\/2025\/11\/56cb7dc6-4ea7-41ae-ab77-0c598e1719cc-750x1000.png\" alt=\"\" class=\"wp-image-91273\" style=\"border-width:3px;border-radius:25px\" srcset=\"https:\/\/kaminholz-vogtland.eu\/wp-content\/uploads\/2025\/11\/56cb7dc6-4ea7-41ae-ab77-0c598e1719cc-750x1000.png 750w, https:\/\/kaminholz-vogtland.eu\/wp-content\/uploads\/2025\/11\/56cb7dc6-4ea7-41ae-ab77-0c598e1719cc-900x1200.png 900w, https:\/\/kaminholz-vogtland.eu\/wp-content\/uploads\/2025\/11\/56cb7dc6-4ea7-41ae-ab77-0c598e1719cc-768x1024.png 768w, https:\/\/kaminholz-vogtland.eu\/wp-content\/uploads\/2025\/11\/56cb7dc6-4ea7-41ae-ab77-0c598e1719cc-1152x1536.png 1152w, https:\/\/kaminholz-vogtland.eu\/wp-content\/uploads\/2025\/11\/56cb7dc6-4ea7-41ae-ab77-0c598e1719cc.png 1200w\" sizes=\"auto, (max-width: 750px) 100vw, 750px\" \/><\/figure>\n<\/figure>\n\n\n\n<p>Unsere hochwertigen <strong>IBC-Boxen<\/strong> bieten die ideale L\u00f6sung f\u00fcr Lagerung, Transport oder kreative Umnutzungen im Garten und Betrieb.<br>Dank ihrer stabilen Stahlrahmen-Konstruktion sind sie extrem langlebig, witterungsbest\u00e4ndig und vielseitig verwendbar \u2013 ob zur Aufbewahrung, als Brennholzbox, Kompostbeh\u00e4lter, Gartenlager oder f\u00fcr individuelle Projekte.<\/p>\n\n\n\n<p>Die Boxen sind <strong>wahlweise mit oder ohne Deckel<\/strong> erh\u00e4ltlich.<\/p>\n\n\n\n<ul class=\"wp-block-list\">\n<li><strong>Mit Deckel:<\/strong> optimaler Schutz vor Regen, Schmutz und Witterung.<\/li>\n\n\n\n<li><strong>Ohne Deckel:<\/strong> ideal f\u00fcr einfache Bef\u00fcllung und gute Bel\u00fcftung.<\/li>\n<\/ul>\n\n\n\n<h3 class=\"wp-block-heading\"><strong>Vorteile im \u00dcberblick:<\/strong><\/h3>\n\n\n\n<ul class=\"wp-block-list\">\n<li>Robuste Metallrahmenkonstruktion f\u00fcr lange Lebensdauer<\/li>\n\n\n\n<li>Witterungsbest\u00e4ndig und stabil<\/li>\n\n\n\n<li>Stapelbar und leicht zu transportieren<\/li>\n\n\n\n<li>Optional mit oder ohne Abdeckung erh\u00e4ltlich<\/li>\n\n\n\n<li>Vielseitig einsetzbar: Lager, Garten, Landwirtschaft, Werkstatt<\/li>\n<\/ul>\n\n\n\n<p>Gestalte deine perfekte L\u00f6sung \u2013 <strong>kaufe deine IBC-Box jetzt mit oder ohne Deckel<\/strong> und nutze sie ganz nach deinem Bedarf!<\/p>\n\n\n\n<p class=\"has-text-align-left\"><strong>Preise f\u00fcr IBC &#8211; Boxen\/Transport auf Anfrage per <a href=\"mailto:holzschneider24@gmx.de\">E\u2011Mail<\/a> oder <a href=\"https:\/\/wa.me\/491723417633\">Whatsapp<\/a>.<\/strong><\/p>\n\n\n\n<figure class=\"wp-block-gallery has-nested-images columns-2 is-cropped wp-block-gallery-2 is-layout-flex wp-block-gallery-is-layout-flex\">\n<figure class=\"wp-block-image size-large has-custom-border\"><img loading=\"lazy\" decoding=\"async\" width=\"1000\" height=\"750\" data-id=\"91277\" src=\"https:\/\/kaminholz-vogtland.prime-3d.ch\/wp-content\/uploads\/2025\/11\/5a032244-494b-4679-81b7-37366d462739-1000x750.png\" alt=\"\" class=\"wp-image-91277\" style=\"border-width:3px;border-radius:25px\" srcset=\"https:\/\/kaminholz-vogtland.eu\/wp-content\/uploads\/2025\/11\/5a032244-494b-4679-81b7-37366d462739-1000x750.png 1000w, https:\/\/kaminholz-vogtland.eu\/wp-content\/uploads\/2025\/11\/5a032244-494b-4679-81b7-37366d462739-1200x900.png 1200w, https:\/\/kaminholz-vogtland.eu\/wp-content\/uploads\/2025\/11\/5a032244-494b-4679-81b7-37366d462739-768x576.png 768w, https:\/\/kaminholz-vogtland.eu\/wp-content\/uploads\/2025\/11\/5a032244-494b-4679-81b7-37366d462739-1536x1152.png 1536w, https:\/\/kaminholz-vogtland.eu\/wp-content\/uploads\/2025\/11\/5a032244-494b-4679-81b7-37366d462739.png 1600w\" sizes=\"auto, (max-width: 1000px) 100vw, 1000px\" \/><\/figure>\n\n\n\n<figure class=\"wp-block-image size-large has-custom-border\"><img loading=\"lazy\" decoding=\"async\" width=\"750\" height=\"1000\" data-id=\"91276\" src=\"https:\/\/kaminholz-vogtland.prime-3d.ch\/wp-content\/uploads\/2025\/11\/0adc9717-b14c-471b-a64d-3ada86e8e94d-750x1000.png\" alt=\"\" class=\"wp-image-91276\" style=\"border-width:3px;border-radius:25px\" srcset=\"https:\/\/kaminholz-vogtland.eu\/wp-content\/uploads\/2025\/11\/0adc9717-b14c-471b-a64d-3ada86e8e94d-750x1000.png 750w, https:\/\/kaminholz-vogtland.eu\/wp-content\/uploads\/2025\/11\/0adc9717-b14c-471b-a64d-3ada86e8e94d-900x1200.png 900w, https:\/\/kaminholz-vogtland.eu\/wp-content\/uploads\/2025\/11\/0adc9717-b14c-471b-a64d-3ada86e8e94d-768x1024.png 768w, https:\/\/kaminholz-vogtland.eu\/wp-content\/uploads\/2025\/11\/0adc9717-b14c-471b-a64d-3ada86e8e94d-1152x1536.png 1152w, https:\/\/kaminholz-vogtland.eu\/wp-content\/uploads\/2025\/11\/0adc9717-b14c-471b-a64d-3ada86e8e94d.png 1200w\" sizes=\"auto, (max-width: 750px) 100vw, 750px\" \/><\/figure>\n\n\n\n<figure class=\"wp-block-image size-large has-custom-border\"><img loading=\"lazy\" decoding=\"async\" width=\"750\" height=\"1000\" data-id=\"91278\" src=\"https:\/\/kaminholz-vogtland.prime-3d.ch\/wp-content\/uploads\/2025\/11\/e920bb29-8ed0-4e7d-b1ac-80f8599de442-750x1000.png\" alt=\"\" class=\"wp-image-91278\" style=\"border-width:3px;border-radius:25px\" srcset=\"https:\/\/kaminholz-vogtland.eu\/wp-content\/uploads\/2025\/11\/e920bb29-8ed0-4e7d-b1ac-80f8599de442-750x1000.png 750w, https:\/\/kaminholz-vogtland.eu\/wp-content\/uploads\/2025\/11\/e920bb29-8ed0-4e7d-b1ac-80f8599de442-900x1200.png 900w, https:\/\/kaminholz-vogtland.eu\/wp-content\/uploads\/2025\/11\/e920bb29-8ed0-4e7d-b1ac-80f8599de442-768x1024.png 768w, https:\/\/kaminholz-vogtland.eu\/wp-content\/uploads\/2025\/11\/e920bb29-8ed0-4e7d-b1ac-80f8599de442-1152x1536.png 1152w, https:\/\/kaminholz-vogtland.eu\/wp-content\/uploads\/2025\/11\/e920bb29-8ed0-4e7d-b1ac-80f8599de442.png 1200w\" sizes=\"auto, (max-width: 750px) 100vw, 750px\" \/><\/figure>\n<\/figure>\n","protected":false},"excerpt":{"rendered":"<p>IBC-Boxen \u2013 robust, praktisch und vielseitig einsetzbar Unsere hochwertigen IBC-Boxen bieten die ideale L\u00f6sung f\u00fcr Lagerung, Transport oder kreative Umnutzungen im Garten und Betrieb.Dank ihrer stabilen Stahlrahmen-Konstruktion sind sie extrem langlebig, witterungsbest\u00e4ndig und vielseitig verwendbar \u2013 ob zur Aufbewahrung, als Brennholzbox, Kompostbeh\u00e4lter, Gartenlager oder f\u00fcr individuelle Projekte. Die Boxen sind wahlweise mit oder ohne Deckel [&hellip;]<\/p>\n","protected":false},"author":2,"featured_media":0,"parent":0,"menu_order":0,"comment_status":"closed","ping_status":"closed","template":"","meta":{"footnotes":""},"class_list":["post-91290","page","type-page","status-publish","hentry"],"_links":{"self":[{"href":"https:\/\/kaminholz-vogtland.eu\/index.php\/wp-json\/wp\/v2\/pages\/91290","targetHints":{"allow":["GET"]}}],"collection":[{"href":"https:\/\/kaminholz-vogtland.eu\/index.php\/wp-json\/wp\/v2\/pages"}],"about":[{"href":"https:\/\/kaminholz-vogtland.eu\/index.php\/wp-json\/wp\/v2\/types\/page"}],"author":[{"embeddable":true,"href":"https:\/\/kaminholz-vogtland.eu\/index.php\/wp-json\/wp\/v2\/users\/2"}],"replies":[{"embeddable":true,"href":"https:\/\/kaminholz-vogtland.eu\/index.php\/wp-json\/wp\/v2\/comments?post=91290"}],"version-history":[{"count":9,"href":"https:\/\/kaminholz-vogtland.eu\/index.php\/wp-json\/wp\/v2\/pages\/91290\/revisions"}],"predecessor-version":[{"id":91331,"href":"https:\/\/kaminholz-vogtland.eu\/index.php\/wp-json\/wp\/v2\/pages\/91290\/revisions\/91331"}],"wp:attachment":[{"href":"https:\/\/kaminholz-vogtland.eu\/index.php\/wp-json\/wp\/v2\/media?parent=91290"}],"curies":[{"name":"wp","href":"https:\/\/api.w.org\/{rel}","templated":true}]}}